 is divided by 53.
52
Let l(q) = 31*q**2. Calculate the remainder when (-354)/12*(2 - 4) is divided by l(1).
28
Let a(i) = 685*i - 16. Let k(c) = -137*c + 3. Let l(o) = 2*a(o) + 11*k(o). Let p be l(-1). Let f = -69 + p. Calculate the remainder when f is divided by 18.
15
Let v = -192 + 197. Let q be 10/(-4)*(-12)/10. Suppose -52 = -4*i + 4*l, v*i - 51 = i + q*l. What is the remainder when 59 is divided by i?
11
Suppose p = 5*p + 16, 2*i = p + 82. Calculate the remainder when 74 is divided by i.
35
Let v(p) = -298*p + 106*p + 92*p. Calculate the remainder when v(-1) is divided by 17.
15
Let m be 2/(-8) - 82/(-8). Calculate the remainder when ((-34)/5)/((-2)/m) is divided by 19.
15
Let w be 16/(-60)*-3*-25. Calculate the remainder when 26 is divided by (w/14)/((-2)/14).
6
Let r = -2201 + 2304. What is the remainder when 202 is divided by r?
99
Let z = 16 - 11. Suppose 3*l + 2*a - 3*a = 5642, -z*l + 9396 = 2*a. Calculate the remainder when 2/(-11) + l/55 is divided by 18.
16
What is the remainder when 77 is divided by -1*(-3 - -2) + (-9 - -29)?
14
Suppose 1386 = 8*n + 55*n. What is the remainder when 900 is divided by n?
20
Let d = 296 + -132. Suppose -5*v = 3*s - d, 4*s = 3*s + 3. Let q(g) = g**3 + 3*g**2 - 3*g - 1. What is the remainder when v is divided by q(-3)?
7
Let b be (0 - 6)/(12 + -11). Let d(i) = 2*i**2 + 14*i + 55. Calculate the remainder when d(b) is divided by (3 + 9)*(-1)/(-1).
7
Suppose -4*c + 2*h + 6 = 0, -4*h - 4 = c - 5*c. Suppose 2*k - 23 = d + c, 3*k - 2*d - 35 = 0. What is the remainder when 42 is divided by k?
12
Let m = -4 + 16. Suppose -5*r + 373 + 152 = 0. Suppose -16*k = 5*k - r. What is the remainder when m is divided by k?
2
Suppose 5*f = 4*i + 57 - 1044, 3*i = f + 743. What is the remainder when i is divided by 28?
24
Let l = 100 - 66. Calculate the remainder when 87 is divided by l/(-85) + (-92)/(-5).
15
Let b = -529 - -672. Calculate the remainder when b is divided by 72.
71
Let k(x) = x**2 + 10*x - 7. Suppose 5*a = -2*l + 62 - 3, 26 = l - a. Suppose 0 = 2*n + 5 + l. Calculate the remainder when k(n) is divided by 18.
17
Let c(t) = 16*t + 74. Calculate the remainder when c(10) is divided by 59.
57
Let m(h) = -3 - 18*h**2 - h**3 + 6*h**2 + 5*h**2 - 12*h. Calculate the remainder when (11/(-2))/((-2)/4) is divided by m(-5).
4
Let j(a) = 34*a**2 + 5*a - 4. Calculate the remainder when j(1) is divided by 18.
17
Let v(y) = y**2 + y + 6. Let h(z) = z**3 + 7*z**2 + 7*z + 1. Let b be h(-6). Calculate the remainder when v(b) is divided by 7/(2/(-4)*-2).
5
Let c = 1136 + -1071. Calculate the remainder when c is divided by 7.
2
Let z(p) = p**2 + 13*p - 17. Let v be z(-11). Let u = 59 + v. Calculate the remainder when 116 is divided by u.
16
Calculate the remainder when 1950/39 - -1*5*-1 is divided by 20.
5
Let d = 1291 + -1304. Suppose -2*s + 243 = -5*i + 36, 5*s - 486 = 2*i. Let b = s + d. What is the remainder when b is divided by 14?
13
Suppose 7*p + 5 = 159. Calculate the remainder when p is divided by ((-2)/(-2))/(3/18).
4
Suppose 192 + 18 = 5*f. Let d = -109 - -125. What is the remainder when f is divided by d?
10
Let s = -8 + 13. Let a(n) = 8*n + 5 - 4 + 5. What is the remainder when a(s) is divided by 12?
10
Suppose 58*o = 53*o + 75. Let s = -186 + 239. What is the remainder when s is divided by o?
8
Suppose -13*g + 86 + 18 = 0. Calculate the remainder when 58 is divided by g.
2
Let p = 70 - 136. What is the remainder when 49 is divided by (-1134)/p - (-6)/(-33)?
15
Let m = 919 + -536. Calculate the remainder when m is divided by 99.
86
Let h(k) = 180*k + 1498. What is the remainder when h(-7) is divided by 48?
46
Suppose -a + 1616 = 7*a. What is the remainder when a is divided by 68?
66
Suppose 5*t - 426 - 329 = 0. Calculate the remainder when t is divided by 19.
18
Let o(x) = x**2 - 6*x + 6. Let p be o(4). Let f be p + (-66)/(0 + -3). Let c = f + -12. Calculate the remainder when c is divided by 5.
3
Let g(b) = -39*b - 239. What is the remainder when 267 is divided by g(-7)?
29
Let i = -158 + 206. Suppose 0 = 2*x - 5*x + 60. Suppose -4*g + 2*z + x + 108 = 0, i = 2*g + 3*z. What is the remainder when 59 is divided by g?
29
Let l(p) = 3*p**3 - 2*p + 1. Let w be l(1). Suppose -3*m + w*m = -3. Suppose m*d = 2*d + 4. What is the remainder when 11 is divided by d?
3
What is the remainder when 4 + (4 - 878/(-1)) - -6 is divided by 56?
52
Let k(p) = -p**3 - 10*p**2 + 5*p + 1. What is the remainder when k(-11) is divided by 10?
7
Suppose -a - 2 = -0*a. Let n = a + 5. Suppose -5*z = -5*t - 130, -4*z - n*t = 7 - 132. What is the remainder when z is divided by 8?
5
Suppose 4*z = 2*z + 20. Let d(v) = v + 11. Let g be d(-5). Suppose -o - 3*s + g = -2*o, 0 = -o - 4*s + 22. Calculate the remainder when z is divided by o.
4
Let n = 238 + -224. Calculate the remainder when 193 is divided by n.
11
Suppose -6*x - 15 = -x. Calculate the remainder when 24 is divided by (54/(-3))/x + 3 + 0.
6
Let m(i) = -5*i + 41. What is the remainder when 11 is divided by m(8)?
0
Let j be (5/10)/(47/(-48) - -1). Suppose -h - 2*o = 3*o - j, 0 = h - 3*o. Calculate the remainder when 42 is divided by h.
6
Suppose -156 = -4*t + 3*k, 7*k - 6*k - 104 = -3*t. Calculate the remainder when 177 is divided by t.
33
Let f be 2/3 + (-236)/(-6) + -4. Let d = -18 + f. Calculate the remainder when 33 is divided by d.
15
Let c = 8 + -3. Suppose -66 = -2*v - c*o, 0*o - 53 = -3*v + 4*o. What is the remainder when 4 + (0 - -63) + -1 is divided by v?
20
Let k(g) = 2*g**2 + 10*g + 15. Let y be k(-10). Suppose 0 = -5*o - 15, -4*u + 5*o - 8*o = -y. Calculate the remainder when u is divided by 12.
7
Suppose 0 = -5*f - 4*x + 204, -77 - 19 = -2*f + 2*x. Let h = -14 - -23. What is the remainder when f is divided by h?
8
Let z(p) = -p - 10. Let w be z(-11). Suppose 2*g + w = 7. Let n = 63 + g. What is the remainder when n is divided by 23?
20
Suppose -29*q = 10*q - 702. What is the remainder when 52 is divided by q?
16
Let w = 2 - -2. Suppose -s = 0, 4*c = 2*s + 5 + 67. What is the remainder when c is divided by w?
2
Suppose -3*c + 526 = 2*p, 4*c - 3*p - 321 = 403. Calculate the remainder when c is divided by 48.
34
Suppose -6*h + 11 = -5*h - 3*o, -6 = 3*o. Let n(l) = 2*l + 1. Suppose i = 14 + 29. Calculate the remainder when i is divided by n(h).
10
Suppose -2*p - 5*h = -214, -3*p - 3*h = 48 - 369. What is the remainder when p is divided by 18?
17
Let x = 42 - -8. Calculate the remainder when x is divided by -1*(-120)/6 - 7.
11
Suppose b = -3*b + 12. Suppose -s = -2*s. Suppose -3*y - 4*u + 37 = s, -2*y - 5*u + 35 = 1. Calculate the remainder when y is divided by b.
1
Suppose -5*o + 25*h = 27*h - 103, -o = 3*h - 31. Let f(y) = y**3 + 10*y**2 + 3*y + 5. What is the remainder when f(-7) is divided by o?
17
Let v = 683 + -671. Let q = -5 - -8. Suppose 0 = -2*j - 4*f + 112, -4*j + j + q*f = -123. Calculate the remainder when j is divided by v.
10
Let t(o) = -o. Let m be 3 + (-9 - 0/(-2)). Let r = m - -19. Calculate the remainder when r is divided by t(-4).
1
Let h = -56 + 81. Let b = -11 + h. What is the remainder when 40 is divided by b?
12
What is the remainder when 100 is divided by (-24)/42 + 910/49?
10
Let u = -963 + 969. Calculate the remainder when 447 is divided by u.
3
Suppose -9*t - 84 = -13*t. Let c = 25 - t. Calculate the remainder when 11 is divided by c.
3
Let p = -819 + 864. Let h = 70 + -47. Calculate the remainder when p is divided by h.
22
Let u(a) be the second derivative of -a**5/20 - 17*a**4/12 - 3*a**3 + 5*a**2/2 + 18*a. Calculate the remainder when 146 is divided by u(-16).
35
Let z = 2531 + -1760. Suppose 3*i = 4*q + 449, -q - z = i - 6*i. Suppose 0 = -20*m + 25*m - i. What is the remainder when m is divided by 11?
9
Let w = 2 - 3. Calculate the remainder when 69/2*24/18 is divided by 1*16/(w - -2).
14
Let y = -352 + 355. What is the remainder when 38 is divided by y?
2
Suppose 0 = p - 0*p - 46. Suppose -m + 22 = 10. Calculate the remainder when p is divided by m.
10
Let y(a) = -a**3 - 8*a**2 - 9*a - 9. Let u be y(-6). Let h = 39 + u. What is the remainder when 59 is divided by h?
11
Let g(r) = r**3 + 10*r**2 - 8*r - 3. Let m be g(-11). Let v = m + 24. What is the remainder when 71 is divided by 4/v - (-84)/9?
8
Let z = -89 - -42. Suppose -6*k + k = -130. Wh